{"id":998,"date":"2026-04-08T19:12:45","date_gmt":"2026-04-08T17:12:45","guid":{"rendered":"https:\/\/student.tzn.dg.pl\/newtzn\/?page_id=998"},"modified":"2026-04-08T19:43:53","modified_gmt":"2026-04-08T17:43:53","slug":"kierunek_przyszlosc","status":"publish","type":"page","link":"https:\/\/student.tzn.dg.pl\/newtzn\/?page_id=998","title":{"rendered":"PROJEKT &#8222;KIERUNEK PRZYSZ\u0141O\u015a\u0106&#8221;"},"content":{"rendered":"\t\t<div data-elementor-type=\"wp-page\" data-elementor-id=\"998\" class=\"elementor elementor-998\">\n\t\t\t\t<div class=\"elementor-element elementor-element-96f14e8 e-flex e-con-boxed e-con e-parent\" data-id=\"96f14e8\" data-element_type=\"container\" data-e-type=\"container\">\n\t\t\t\t\t<div class=\"e-con-inner\">\n\t\t\t\t<div class=\"elementor-element elementor-element-7756552 elementor-widget elementor-widget-image\" data-id=\"7756552\" data-element_type=\"widget\" data-e-type=\"widget\" data-widget_type=\"image.default\">\n\t\t\t\t\t\t\t\t\t\t\t\t\t\t\t<img fetchpriority=\"high\" decoding=\"async\" width=\"1024\" height=\"108\" src=\"https:\/\/student.tzn.dg.pl\/newtzn\/wp-content\/uploads\/2026\/04\/FE-SL-kolor-poziom-br-1-1024x108.jpg\" class=\"attachment-large size-large wp-image-1000\" alt=\"FE-SL-kolor-poziom-br-1\" srcset=\"https:\/\/student.tzn.dg.pl\/newtzn\/wp-content\/uploads\/2026\/04\/FE-SL-kolor-poziom-br-1-1024x108.jpg 1024w, https:\/\/student.tzn.dg.pl\/newtzn\/wp-content\/uploads\/2026\/04\/FE-SL-kolor-poziom-br-1-300x32.jpg 300w, https:\/\/student.tzn.dg.pl\/newtzn\/wp-content\/uploads\/2026\/04\/FE-SL-kolor-poziom-br-1-768x81.jpg 768w, https:\/\/student.tzn.dg.pl\/newtzn\/wp-content\/uploads\/2026\/04\/FE-SL-kolor-poziom-br-1-1536x162.jpg 1536w, https:\/\/student.tzn.dg.pl\/newtzn\/wp-content\/uploads\/2026\/04\/FE-SL-kolor-poziom-br-1.jpg 2015w\" sizes=\"(max-width: 1024px) 100vw, 1024px\" \/>\t\t\t\t\t\t\t\t\t\t\t\t\t\t\t<\/div>\n\t\t\t\t\t<\/div>\n\t\t\t\t<\/div>\n\t\t<div class=\"elementor-element elementor-element-1de54a1 e-flex e-con-boxed e-con e-parent\" data-id=\"1de54a1\" data-element_type=\"container\" data-e-type=\"container\">\n\t\t\t\t\t<div class=\"e-con-inner\">\n\t\t\t\t<div class=\"elementor-element elementor-element-c3d1ceb elementor-widget elementor-widget-text-editor\" data-id=\"c3d1ceb\" data-element_type=\"widget\" data-e-type=\"widget\" data-widget_type=\"text-editor.default\">\n\t\t\t\t\t\t\t\t\t<p>Mi\u0119dzynarodowe Centrum Doskonalenia Zawodowego Sp. z o.o. i Miasto D\u0105browa G\u00f3rnicza\/Techniczne Zak\u0142ady Naukowe w D\u0105browie G\u00f3rniczej rozpoczyna realizacj\u0119 projektu pt. \u201eKierunek przysz\u0142o\u015b\u0107\u201d realizowanego w ramach Priorytetu 10. Fundusze Europejskie na transformacj\u0119, Dzia\u0142anie 10.23 Edukacja zawodowa w procesie sprawiedliwej transformacji regionu, regionalnego programu Fundusze Europejskie dla \u015al\u0105skiego 2021-2027, wsp\u00f3\u0142finansowanego przez Uni\u0119 Europejsk\u0105 ze \u015brodk\u00f3w Funduszu na rzecz Sprawiedliwej Transformacji.<\/p><p><strong>Celem g\u0142\u00f3wnym projektu<\/strong> jest podniesienie zdolno\u015bci do zatrudnienia 50 uczni\u00f3w\/uczennic z Technikum nr 2 w Technicznych Zak\u0142adach Naukowych w D\u0105browie G\u00f3rniczej poprzez zapewnienie uczniom \u00a0wysokiej jako\u015bci szkole\u0144 zawodowych z zakresu reklamy i projektowania oraz doposa\u017cenie pracowni zawodowych <strong>dla kierunku technik reklamy.<\/strong><\/p><p><strong>Grup\u0105 docelow\u0105 projektu<\/strong> jest 50 uczni\u00f3w\/uczennic g\u0142\u00f3wnie z kierunku technik reklamy oraz pozosta\u0142ych kierunk\u00f3w (technik informatyk, programista, automatyk, robotyk, elektronik, elektryk, mechanik).<br \/>Grup\u0105 docelow\u0105 w projekcie jest r\u00f3wnie\u017c Technikum nr 2 w Technicznym Zak\u0142adzie Naukowym<br \/>w D\u0105browie G\u00f3rniczej.<\/p>\t\t\t\t\t\t\t\t<\/div>\n\t\t\t\t\t<\/div>\n\t\t\t\t<\/div>\n\t\t<div class=\"elementor-element elementor-element-eeb15c0 e-flex e-con-boxed e-con e-parent\" data-id=\"eeb15c0\" data-element_type=\"container\" data-e-type=\"container\">\n\t\t\t\t\t<div class=\"e-con-inner\">\n\t\t\t\t<div class=\"elementor-element elementor-element-f6ff92c elementor-widget-divider--view-line elementor-widget elementor-widget-divider\" data-id=\"f6ff92c\" data-element_type=\"widget\" data-e-type=\"widget\" data-widget_type=\"divider.default\">\n\t\t\t\t\t\t\t<div class=\"elementor-divider\">\n\t\t\t<span class=\"elementor-divider-separator\">\n\t\t\t\t\t\t<\/span>\n\t\t<\/div>\n\t\t\t\t\t\t<\/div>\n\t\t\t\t\t<\/div>\n\t\t\t\t<\/div>\n\t\t<div class=\"elementor-element elementor-element-d50f1f8 e-flex e-con-boxed e-con e-parent\" data-id=\"d50f1f8\" data-element_type=\"container\" data-e-type=\"container\">\n\t\t\t\t\t<div class=\"e-con-inner\">\n\t\t\t\t<div class=\"elementor-element elementor-element-cd637d6 elementor-widget elementor-widget-heading\" data-id=\"cd637d6\" data-element_type=\"widget\" data-e-type=\"widget\" data-widget_type=\"heading.default\">\n\t\t\t\t\t<h3 class=\"elementor-heading-title elementor-size-default\">W ramach projektu przewiduje si\u0119:<\/h3>\t\t\t\t<\/div>\n\t\t\t\t\t<\/div>\n\t\t\t\t<\/div>\n\t\t<div class=\"elementor-element elementor-element-0c357e2 e-flex e-con-boxed e-con e-parent\" data-id=\"0c357e2\" data-element_type=\"container\" data-e-type=\"container\">\n\t\t\t\t\t<div class=\"e-con-inner\">\n\t\t\t\t<div class=\"elementor-element elementor-element-748257d elementor-widget elementor-widget-text-editor\" data-id=\"748257d\" data-element_type=\"widget\" data-e-type=\"widget\" data-widget_type=\"text-editor.default\">\n\t\t\t\t\t\t\t\t\t<ol><li><strong>Przeprowadzenie szkole\u0144 dla uczni\u00f3w\/uczennic:<\/strong><\/li><\/ol><ul><li>Szkolenie Google ADS dla 50 uczni\u00f3w\/uczennic;<\/li><li>Szkolenie 3ds Max Poziom podstawowy dla 50 uczni\u00f3w\/uczennic;<\/li><li>Szkolenie Adobe Photoshop i Animate dla 50 uczni\u00f3w\/uczennic.<\/li><\/ul><ol start=\"2\"><li><strong>Zakup doposa\u017cenia do pracowni zawodowych dla kierunku technik reklamy m. in.: komputery, monitory, stoliki, krzes\u0142a, switche, drukarki 3D, materia\u0142y eksploatacyjne do drukarek 3D.<\/strong><\/li><\/ol>\t\t\t\t\t\t\t\t<\/div>\n\t\t\t\t\t<\/div>\n\t\t\t\t<\/div>\n\t\t<div class=\"elementor-element elementor-element-40c2628 e-flex e-con-boxed e-con e-parent\" data-id=\"40c2628\" data-element_type=\"container\" data-e-type=\"container\">\n\t\t\t\t\t<div class=\"e-con-inner\">\n\t\t\t\t<div class=\"elementor-element elementor-element-9663614 elementor-widget-divider--view-line elementor-widget elementor-widget-divider\" data-id=\"9663614\" data-element_type=\"widget\" data-e-type=\"widget\" data-widget_type=\"divider.default\">\n\t\t\t\t\t\t\t<div class=\"elementor-divider\">\n\t\t\t<span class=\"elementor-divider-separator\">\n\t\t\t\t\t\t<\/span>\n\t\t<\/div>\n\t\t\t\t\t\t<\/div>\n\t\t\t\t\t<\/div>\n\t\t\t\t<\/div>\n\t\t<div class=\"elementor-element elementor-element-ccd1701 e-flex e-con-boxed e-con e-parent\" data-id=\"ccd1701\" data-element_type=\"container\" data-e-type=\"container\">\n\t\t\t\t\t<div class=\"e-con-inner\">\n\t\t\t\t<div class=\"elementor-element elementor-element-fe60e94 elementor-widget elementor-widget-heading\" data-id=\"fe60e94\" data-element_type=\"widget\" data-e-type=\"widget\" data-widget_type=\"heading.default\">\n\t\t\t\t\t<h3 class=\"elementor-heading-title elementor-size-default\">Efektem projektu b\u0119dzie:<\/h3>\t\t\t\t<\/div>\n\t\t\t\t\t<\/div>\n\t\t\t\t<\/div>\n\t\t<div class=\"elementor-element elementor-element-8289cc1 e-flex e-con-boxed e-con e-parent\" data-id=\"8289cc1\" data-element_type=\"container\" data-e-type=\"container\">\n\t\t\t\t\t<div class=\"e-con-inner\">\n\t\t\t\t<div class=\"elementor-element elementor-element-cce75cd elementor-widget elementor-widget-text-editor\" data-id=\"cce75cd\" data-element_type=\"widget\" data-e-type=\"widget\" data-widget_type=\"text-editor.default\">\n\t\t\t\t\t\t\t\t\t<ul><li>45 uczni\u00f3w\/uczennic uzyska kwalifikacje po opuszczeniu programu;<\/li><li>doposa\u017cenie pracowni zawodowych.<\/li><\/ul>\t\t\t\t\t\t\t\t<\/div>\n\t\t\t\t\t<\/div>\n\t\t\t\t<\/div>\n\t\t<div class=\"elementor-element elementor-element-de49352 e-flex e-con-boxed e-con e-parent\" data-id=\"de49352\" data-element_type=\"container\" data-e-type=\"container\" data-settings=\"{&quot;background_background&quot;:&quot;classic&quot;}\">\n\t\t\t\t\t<div class=\"e-con-inner\">\n\t\t\t\t<div class=\"elementor-element elementor-element-c59896f elementor-widget elementor-widget-text-editor\" data-id=\"c59896f\" data-element_type=\"widget\" data-e-type=\"widget\" data-widget_type=\"text-editor.default\">\n\t\t\t\t\t\t\t\t\t<p>Projekt umo\u017cliwia skorzystanie z us\u0142ug dost\u0119powych np. t\u0142umaczenie na j\u0119zyk migowy.<\/p>\t\t\t\t\t\t\t\t<\/div>\n\t\t\t\t\t<\/div>\n\t\t\t\t<\/div>\n\t\t<div class=\"elementor-element elementor-element-2ccf2b4 e-flex e-con-boxed e-con e-parent\" data-id=\"2ccf2b4\" data-element_type=\"container\" data-e-type=\"container\">\n\t\t\t\t\t<div class=\"e-con-inner\">\n\t\t\t\t<div class=\"elementor-element elementor-element-05d6b22 elementor-widget-divider--view-line elementor-widget elementor-widget-divider\" data-id=\"05d6b22\" data-element_type=\"widget\" data-e-type=\"widget\" data-widget_type=\"divider.default\">\n\t\t\t\t\t\t\t<div class=\"elementor-divider\">\n\t\t\t<span class=\"elementor-divider-separator\">\n\t\t\t\t\t\t<\/span>\n\t\t<\/div>\n\t\t\t\t\t\t<\/div>\n\t\t\t\t\t<\/div>\n\t\t\t\t<\/div>\n\t\t<div class=\"elementor-element elementor-element-c8dd980 e-flex e-con-boxed e-con e-parent\" data-id=\"c8dd980\" data-element_type=\"container\" data-e-type=\"container\">\n\t\t\t\t\t<div class=\"e-con-inner\">\n\t\t\t\t<div class=\"elementor-element elementor-element-aef4d64 elementor-widget elementor-widget-heading\" data-id=\"aef4d64\" data-element_type=\"widget\" data-e-type=\"widget\" data-widget_type=\"heading.default\">\n\t\t\t\t\t<h3 class=\"elementor-heading-title elementor-size-default\">Adres biura projektu:<\/h3>\t\t\t\t<\/div>\n\t\t\t\t\t<\/div>\n\t\t\t\t<\/div>\n\t\t<div class=\"elementor-element elementor-element-633804d e-flex e-con-boxed e-con e-parent\" data-id=\"633804d\" data-element_type=\"container\" data-e-type=\"container\">\n\t\t\t\t\t<div class=\"e-con-inner\">\n\t\t\t\t<div class=\"elementor-element elementor-element-dc17e2b elementor-widget elementor-widget-text-editor\" data-id=\"dc17e2b\" data-element_type=\"widget\" data-e-type=\"widget\" data-widget_type=\"text-editor.default\">\n\t\t\t\t\t\t\t\t\t<p>Techniczne Zak\u0142ady Naukowe w D\u0105browie G\u00f3rniczej<\/p><p>ul. Emilii Zawidzkiej 10, 41-300 D\u0105browa G\u00f3rnicza<\/p><p>Sekretariat Szko\u0142y (pawilon B),<\/p><p>biuro czynne w poniedzia\u0142ki\u00a0 i czwartki w godz.: 09:00-13:00.<\/p><p>\u00a0<\/p><p><strong>Szkolnym Koordynatorem Projektu<\/strong> w Technicznych Zak\u0142adach Naukowcy w D\u0105browie G\u00f3rniczej jest<\/p><p>pani Monika Zobek<\/p><p>dost\u0119pna w poniedzia\u0142ki i czwartki w godz.: 09:00-13:00 (Sekretariat Szko\u0142y \u2013 pawilon B),<\/p><p>tel.: 32 262 43 13 wew. 46.<\/p><p><strong>Kierownik projektu:<\/strong> Wioleta Kaim, tel.: 54 230 09 25, e-mail:\u00a0<a role=\"link\" href=\"mailto:wioleta@mcdz.com.pl\">wioleta@mcdz.com.pl<\/a><\/p>\t\t\t\t\t\t\t\t<\/div>\n\t\t\t\t\t<\/div>\n\t\t\t\t<\/div>\n\t\t<div class=\"elementor-element elementor-element-40f7d7c e-flex e-con-boxed e-con e-parent\" data-id=\"40f7d7c\" data-element_type=\"container\" data-e-type=\"container\">\n\t\t\t\t\t<div class=\"e-con-inner\">\n\t\t\t\t<div class=\"elementor-element elementor-element-3f21556 elementor-widget-divider--view-line elementor-widget elementor-widget-divider\" data-id=\"3f21556\" data-element_type=\"widget\" data-e-type=\"widget\" data-widget_type=\"divider.default\">\n\t\t\t\t\t\t\t<div class=\"elementor-divider\">\n\t\t\t<span class=\"elementor-divider-separator\">\n\t\t\t\t\t\t<\/span>\n\t\t<\/div>\n\t\t\t\t\t\t<\/div>\n\t\t\t\t\t<\/div>\n\t\t\t\t<\/div>\n\t\t<div class=\"elementor-element elementor-element-e211d9e e-flex e-con-boxed e-con e-parent\" data-id=\"e211d9e\" data-element_type=\"container\" data-e-type=\"container\" data-settings=\"{&quot;background_background&quot;:&quot;classic&quot;}\">\n\t\t\t\t\t<div class=\"e-con-inner\">\n\t\t\t\t<div class=\"elementor-element elementor-element-ae45f21 elementor-widget elementor-widget-text-editor\" data-id=\"ae45f21\" data-element_type=\"widget\" data-e-type=\"widget\" data-widget_type=\"text-editor.default\">\n\t\t\t\t\t\t\t\t\t<p><strong>Warto\u015b\u0107 projektu: 888\u00a0237,50 z\u0142<\/strong><\/p><p>Wysoko\u015b\u0107 wk\u0142adu z Funduszy Europejskich: 799\u00a0413,75 z\u0142<\/p><p>Okres realizacji projektu: 01.11.2024 r. \u2013 31.10.2025 r.<\/p>\t\t\t\t\t\t\t\t<\/div>\n\t\t\t\t\t<\/div>\n\t\t\t\t<\/div>\n\t\t<div class=\"elementor-element elementor-element-0a7a0a4 e-flex e-con-boxed e-con e-parent\" data-id=\"0a7a0a4\" data-element_type=\"container\" data-e-type=\"container\">\n\t\t\t\t\t<div class=\"e-con-inner\">\n\t\t\t\t<div class=\"elementor-element elementor-element-30a806a elementor-widget-divider--view-line elementor-widget elementor-widget-divider\" data-id=\"30a806a\" data-element_type=\"widget\" data-e-type=\"widget\" data-widget_type=\"divider.default\">\n\t\t\t\t\t\t\t<div class=\"elementor-divider\">\n\t\t\t<span class=\"elementor-divider-separator\">\n\t\t\t\t\t\t<\/span>\n\t\t<\/div>\n\t\t\t\t\t\t<\/div>\n\t\t\t\t\t<\/div>\n\t\t\t\t<\/div>\n\t\t<div class=\"elementor-element elementor-element-8074e44 e-flex e-con-boxed e-con e-parent\" data-id=\"8074e44\" data-element_type=\"container\" data-e-type=\"container\">\n\t\t\t\t\t<div class=\"e-con-inner\">\n\t\t\t\t<div class=\"elementor-element elementor-element-29fd08a elementor-widget elementor-widget-heading\" data-id=\"29fd08a\" data-element_type=\"widget\" data-e-type=\"widget\" data-widget_type=\"heading.default\">\n\t\t\t\t\t<h3 class=\"elementor-heading-title elementor-size-default\">DOKUMENTY<\/h3>\t\t\t\t<\/div>\n\t\t\t\t\t<\/div>\n\t\t\t\t<\/div>\n\t\t<div class=\"elementor-element elementor-element-5794cea e-flex e-con-boxed e-con e-parent\" data-id=\"5794cea\" data-element_type=\"container\" data-e-type=\"container\">\n\t\t\t\t\t<div class=\"e-con-inner\">\n\t\t\t\t<div class=\"elementor-element elementor-element-f5ffc58 elementor-widget elementor-widget-text-editor\" data-id=\"f5ffc58\" data-element_type=\"widget\" data-e-type=\"widget\" data-widget_type=\"text-editor.default\">\n\t\t\t\t\t\t\t\t\t<ul><li><a href=\"https:\/\/student.tzn.dg.pl\/newtzn\/wp-content\/uploads\/2026\/04\/Infor.-o-projekcie-Kierunek-przyszlosc.docx\" target=\"_blank\" rel=\"noopener\">Informacje o projekcie &#8222;Kierunek Przysz\u0142o\u015b\u0107&#8221;\u00a0 (.docx)<\/a><\/li><\/ul><p><strong>Regulamin rekrutacji do udzia\u0142u w projekcie pn. \u201eKierunek przysz\u0142o\u015b\u0107\u201d oraz komplet dokument\u00f3w rekrutacyjnych znajduj\u0105 si\u0119 poni\u017cej:<\/strong><\/p><ul><li><a href=\"https:\/\/student.tzn.dg.pl\/newtzn\/wp-content\/uploads\/2026\/04\/Regulamin-rekrutacji-do-projektu-kierunek-przyszlosc.pdf\" target=\"_blank\" rel=\"noopener\">regulamin rekrutacji<\/a><\/li><li><a href=\"https:\/\/student.tzn.dg.pl\/newtzn\/wp-content\/uploads\/2026\/04\/FORMULARZ-REKRUTACYJNY-DO-PROJEKTU-kierunek-przyszlosc.pdf\" target=\"_blank\" rel=\"noopener\">dokumenty rekrutacyjne<\/a><\/li><li><a href=\"https:\/\/student.tzn.dg.pl\/newtzn\/wp-content\/uploads\/2026\/04\/Lista-uczestnikow-Kierunek-przyszlosc.pdf\" target=\"_blank\" rel=\"noopener\">lista zakwalifikowanych uczestnik\u00f3w<\/a><\/li><\/ul><p><strong>Harmonogram wsparcia dla uczni\u00f3w\/uczennic w ramach projektu \u201eKierunek przysz\u0142o\u015b\u0107\u201d znajduje si\u0119 poni\u017cej:<\/strong><\/p><ul><li><a href=\"https:\/\/student.tzn.dg.pl\/newtzn\/wp-content\/uploads\/2026\/04\/Harmonogram-wsparcia-Listopad-grudzien-2024.pdf\" target=\"_blank\" rel=\"noopener\">Harmonogram wsparcia listopad\/grudzie\u0144 2024.pdf<\/a><\/li><li><a href=\"https:\/\/student.tzn.dg.pl\/newtzn\/wp-content\/uploads\/2026\/04\/Harmonogram-wsparcia-styczen-2025-r.pdf\" target=\"_blank\" rel=\"noopener\">Harmonogram wsparcia stycze\u0144 2025.pdf<\/a><\/li><li><a href=\"https:\/\/student.tzn.dg.pl\/newtzn\/wp-content\/uploads\/2026\/04\/Harmonogram-wsparcia-luty-2025.pdf\" target=\"_blank\" rel=\"noopener\">Harmonogram wsparcia luty 2025.pdf<\/a><\/li><li><a href=\"https:\/\/student.tzn.dg.pl\/newtzn\/wp-content\/uploads\/2026\/04\/Harmonogram-wsparcia-marzec-2025.pdf\" target=\"_blank\" rel=\"noopener\">Harmonogram wsparcia marzec 2025.pdf<\/a><\/li><li><a href=\"https:\/\/student.tzn.dg.pl\/newtzn\/wp-content\/uploads\/2026\/04\/Harmonogram-wsparcia-kwiecien-2025-r.pdf\" target=\"_blank\" rel=\"noopener\">Harmonogram wsparcia kwiecie\u0144 2025.pdf<\/a><\/li><li><a href=\"https:\/\/student.tzn.dg.pl\/newtzn\/wp-content\/uploads\/2026\/04\/Harmonogram-wsparcia-wrzesien-2025-r.pdf\" target=\"_blank\" rel=\"noopener\">Harmonogram wsparcia wrzesie\u0144 2025.pdf<\/a><\/li><li><a href=\"https:\/\/student.tzn.dg.pl\/newtzn\/wp-content\/uploads\/2026\/04\/Harmonogram-wsparcia-pazdziernik-2025-r.pdf\" target=\"_blank\" rel=\"noopener\">Harmonogram wsparcia pa\u017adziernik 2025.pdf<\/a><\/li><\/ul><p>Data og\u0142oszenia: 05.05.2025 r.<br \/><strong>Informacja o dost\u0119pno\u015bci architektonicznej miejsca realizacji zada\u0144 w ramach projektu \u201eKierunek przysz\u0142o\u015b\u0107\u201d znajduje si\u0119 poni\u017cej:<\/strong><\/p><ul><li><a href=\"https:\/\/student.tzn.dg.pl\/newtzn\/wp-content\/uploads\/2026\/04\/Dostepnosc-architektoniczna.docx\" target=\"_blank\" rel=\"noopener\">dost\u0119pno\u015b\u0107 architektoniczna.docx<\/a><\/li><\/ul>\t\t\t\t\t\t\t\t<\/div>\n\t\t\t\t\t<\/div>\n\t\t\t\t<\/div>\n\t\t\t\t<\/div>\n\t\t","protected":false},"excerpt":{"rendered":"<p>Mi\u0119dzynarodowe Centrum Doskonalenia Zawodowego Sp. z o.o. i Miasto D\u0105browa G\u00f3rnicza\/Techniczne Zak\u0142ady Naukowe w D\u0105browie G\u00f3rniczej rozpoczyna realizacj\u0119 projektu pt. \u201eKierunek przysz\u0142o\u015b\u0107\u201d realizowanego w ramach Priorytetu 10. Fundusze Europejskie na transformacj\u0119, Dzia\u0142anie 10.23 Edukacja zawodowa w procesie sprawiedliwej transformacji regionu, regionalnego programu Fundusze Europejskie dla \u015al\u0105skiego 2021-2027, wsp\u00f3\u0142finansowanego przez Uni\u0119 Europejsk\u0105 ze \u015brodk\u00f3w Funduszu na &#8230; <a title=\"PROJEKT &#8222;KIERUNEK PRZYSZ\u0141O\u015a\u0106&#8221;\" class=\"read-more\" href=\"https:\/\/student.tzn.dg.pl\/newtzn\/?page_id=998\" aria-label=\"Dowiedz si\u0119 wi\u0119cej o PROJEKT &#8222;KIERUNEK PRZYSZ\u0141O\u015a\u0106&#8221;\">Dowiedz si\u0119 wi\u0119cej<\/a><\/p>\n","protected":false},"author":2,"featured_media":0,"parent":0,"menu_order":0,"comment_status":"closed","ping_status":"closed","template":"","meta":{"footnotes":""},"class_list":["post-998","page","type-page","status-publish"],"_links":{"self":[{"href":"https:\/\/student.tzn.dg.pl\/newtzn\/index.php?rest_route=\/wp\/v2\/pages\/998","targetHints":{"allow":["GET"]}}],"collection":[{"href":"https:\/\/student.tzn.dg.pl\/newtzn\/index.php?rest_route=\/wp\/v2\/pages"}],"about":[{"href":"https:\/\/student.tzn.dg.pl\/newtzn\/index.php?rest_route=\/wp\/v2\/types\/page"}],"author":[{"embeddable":true,"href":"https:\/\/student.tzn.dg.pl\/newtzn\/index.php?rest_route=\/wp\/v2\/users\/2"}],"replies":[{"embeddable":true,"href":"https:\/\/student.tzn.dg.pl\/newtzn\/index.php?rest_route=%2Fwp%2Fv2%2Fcomments&post=998"}],"version-history":[{"count":22,"href":"https:\/\/student.tzn.dg.pl\/newtzn\/index.php?rest_route=\/wp\/v2\/pages\/998\/revisions"}],"predecessor-version":[{"id":1033,"href":"https:\/\/student.tzn.dg.pl\/newtzn\/index.php?rest_route=\/wp\/v2\/pages\/998\/revisions\/1033"}],"wp:attachment":[{"href":"https:\/\/student.tzn.dg.pl\/newtzn\/index.php?rest_route=%2Fwp%2Fv2%2Fmedia&parent=998"}],"curies":[{"name":"wp","href":"https:\/\/api.w.org\/{rel}","templated":true}]}}