{"id":699,"date":"2026-04-02T21:17:08","date_gmt":"2026-04-02T19:17:08","guid":{"rendered":"https:\/\/student.tzn.dg.pl\/newtzn\/?page_id=699"},"modified":"2026-04-03T21:28:34","modified_gmt":"2026-04-03T19:28:34","slug":"dzien_otwarty_2026","status":"publish","type":"page","link":"https:\/\/student.tzn.dg.pl\/newtzn\/?page_id=699","title":{"rendered":"DZIE\u0143 OTWARTY 2026"},"content":{"rendered":"\t\t<div data-elementor-type=\"wp-page\" data-elementor-id=\"699\" class=\"elementor elementor-699\">\n\t\t\t\t<div class=\"elementor-element elementor-element-96f14e8 e-flex e-con-boxed e-con e-parent\" data-id=\"96f14e8\" data-element_type=\"container\" data-e-type=\"container\">\n\t\t\t\t\t<div class=\"e-con-inner\">\n\t\t\t\t<div class=\"elementor-element elementor-element-7756552 elementor-widget elementor-widget-image\" data-id=\"7756552\" data-element_type=\"widget\" data-e-type=\"widget\" data-widget_type=\"image.default\">\n\t\t\t\t\t\t\t\t\t\t\t\t\t\t\t<img fetchpriority=\"high\" decoding=\"async\" width=\"1024\" height=\"614\" src=\"https:\/\/student.tzn.dg.pl\/newtzn\/wp-content\/uploads\/2026\/04\/dzienotwarty-1024x614.jpg\" class=\"attachment-large size-large wp-image-701\" alt=\"dzie\u0144 otwarty 2026\" srcset=\"https:\/\/student.tzn.dg.pl\/newtzn\/wp-content\/uploads\/2026\/04\/dzienotwarty-1024x614.jpg 1024w, https:\/\/student.tzn.dg.pl\/newtzn\/wp-content\/uploads\/2026\/04\/dzienotwarty-300x180.jpg 300w, https:\/\/student.tzn.dg.pl\/newtzn\/wp-content\/uploads\/2026\/04\/dzienotwarty-768x461.jpg 768w, https:\/\/student.tzn.dg.pl\/newtzn\/wp-content\/uploads\/2026\/04\/dzienotwarty-1536x922.jpg 1536w, https:\/\/student.tzn.dg.pl\/newtzn\/wp-content\/uploads\/2026\/04\/dzienotwarty-2048x1229.jpg 2048w\" sizes=\"(max-width: 1024px) 100vw, 1024px\" \/>\t\t\t\t\t\t\t\t\t\t\t\t\t\t\t<\/div>\n\t\t\t\t\t<\/div>\n\t\t\t\t<\/div>\n\t\t<div class=\"elementor-element elementor-element-8074e44 e-flex e-con-boxed e-con e-parent\" data-id=\"8074e44\" data-element_type=\"container\" data-e-type=\"container\">\n\t\t\t\t\t<div class=\"e-con-inner\">\n\t\t\t\t<div class=\"elementor-element elementor-element-29fd08a elementor-widget elementor-widget-heading\" data-id=\"29fd08a\" data-element_type=\"widget\" data-e-type=\"widget\" data-widget_type=\"heading.default\">\n\t\t\t\t\t<h3 class=\"elementor-heading-title elementor-size-default\">Dzie\u0144 Otwarty w Technicznych Zak\u0142adach Naukowych!<\/h3>\t\t\t\t<\/div>\n\t\t\t\t\t<\/div>\n\t\t\t\t<\/div>\n\t\t<div class=\"elementor-element elementor-element-1de54a1 e-flex e-con-boxed e-con e-parent\" data-id=\"1de54a1\" data-element_type=\"container\" data-e-type=\"container\">\n\t\t\t\t\t<div class=\"e-con-inner\">\n\t\t\t\t<div class=\"elementor-element elementor-element-c3d1ceb elementor-widget elementor-widget-text-editor\" data-id=\"c3d1ceb\" data-element_type=\"widget\" data-e-type=\"widget\" data-widget_type=\"text-editor.default\">\n\t\t\t\t\t\t\t\t\t<p><strong>Ju\u017c 18 kwietnia 2026 r. (sobota),<\/strong><\/p><p><strong>zapraszamy wszystkich \u00f3smoklasist\u00f3w oraz ich rodzic\u00f3w na<\/strong><\/p><p><strong>Dzie\u0144 Otwarty w Technicznych Zak\u0142adach Naukowych!<\/strong><\/p>\t\t\t\t\t\t\t\t<\/div>\n\t\t\t\t\t<\/div>\n\t\t\t\t<\/div>\n\t\t<div class=\"elementor-element elementor-element-8fd4bfe e-flex e-con-boxed e-con e-parent\" data-id=\"8fd4bfe\" data-element_type=\"container\" data-e-type=\"container\">\n\t\t\t\t\t<div class=\"e-con-inner\">\n\t\t<div class=\"elementor-element elementor-element-d4e9062 e-con-full e-flex e-con e-child\" data-id=\"d4e9062\" data-element_type=\"container\" data-e-type=\"container\">\n\t\t\t\t<div class=\"elementor-element elementor-element-4d7de9a elementor-widget-divider--view-line elementor-widget elementor-widget-divider\" data-id=\"4d7de9a\" data-element_type=\"widget\" data-e-type=\"widget\" data-widget_type=\"divider.default\">\n\t\t\t\t\t\t\t<div class=\"elementor-divider\">\n\t\t\t<span class=\"elementor-divider-separator\">\n\t\t\t\t\t\t<\/span>\n\t\t<\/div>\n\t\t\t\t\t\t<\/div>\n\t\t\t\t<\/div>\n\t\t\t\t\t<\/div>\n\t\t\t\t<\/div>\n\t\t<div class=\"elementor-element elementor-element-d918fd6 e-flex e-con-boxed e-con e-parent\" data-id=\"d918fd6\" data-element_type=\"container\" data-e-type=\"container\">\n\t\t\t\t\t<div class=\"e-con-inner\">\n\t\t<div class=\"elementor-element elementor-element-55618d6 e-con-full e-flex e-con e-child\" data-id=\"55618d6\" data-element_type=\"container\" data-e-type=\"container\">\n\t\t\t\t<div class=\"elementor-element elementor-element-e2c4ca3 elementor-widget elementor-widget-text-editor\" data-id=\"e2c4ca3\" data-element_type=\"widget\" data-e-type=\"widget\" data-widget_type=\"text-editor.default\">\n\t\t\t\t\t\t\t\t\t<p><strong>Spotkania z Dyrekcj\u0105 szko\u0142y<\/strong>\u00a0odb\u0119d\u0105 si\u0119 w szkolnej auli o:<\/p><ul><li><strong>10:00<\/strong><\/li><li><strong>11:30<\/strong><\/li><\/ul><p>Podczas spotkania\u00a0<strong>zaprezentujemy nasz\u0105 szko\u0142\u0119<\/strong>, opowiemy o\u00a0<strong>mo\u017cliwo\u015bciach kszta\u0142cenia<\/strong>\u00a0oraz\u00a0<strong>planach rozwoju<\/strong>.<br \/>Dyrekcja wyg\u0142osi kr\u00f3tkie przem\u00f3wienie i odpowie na\u00a0<strong>najwa\u017cniejsze pytania<\/strong>.<\/p>\t\t\t\t\t\t\t\t<\/div>\n\t\t\t\t<\/div>\n\t\t<div class=\"elementor-element elementor-element-d40498a e-con-full e-flex e-con e-child\" data-id=\"d40498a\" data-element_type=\"container\" data-e-type=\"container\">\n\t\t\t\t<div class=\"elementor-element elementor-element-8a05f88 elementor-widget elementor-widget-text-editor\" data-id=\"8a05f88\" data-element_type=\"widget\" data-e-type=\"widget\" data-widget_type=\"text-editor.default\">\n\t\t\t\t\t\t\t\t\t<p><b>Po spotkaniu zapraszamy na:<\/b><\/p><ul><li><strong>stoisko z gad\u017cetami szkolnymi<\/strong><\/li><li><strong>prezentacj\u0119 stanowisk 8 kierunk\u00f3w kszta\u0142cenia<\/strong>\u00a0oferowanych w naszej szkole<\/li><li><strong>spacer po szkole i odwiedzenie pracowni<\/strong><\/li><li><strong>rozmowy z uczniami<\/strong>, kt\u00f3rzy opowiedz\u0105 o nauce i \u017cyciu szkolnym<\/li><\/ul>\t\t\t\t\t\t\t\t<\/div>\n\t\t\t\t<\/div>\n\t\t<div class=\"elementor-element elementor-element-17e9a52 e-con-full e-flex e-con e-child\" data-id=\"17e9a52\" data-element_type=\"container\" data-e-type=\"container\">\n\t\t\t\t<div class=\"elementor-element elementor-element-cbfe30e elementor-widget elementor-widget-text-editor\" data-id=\"cbfe30e\" data-element_type=\"widget\" data-e-type=\"widget\" data-widget_type=\"text-editor.default\">\n\t\t\t\t\t\t\t\t\t<p>To&nbsp;<strong>doskona\u0142a okazja<\/strong>, aby zobaczy\u0107 szko\u0142\u0119&nbsp;<strong>\u201eod \u015brodka\u201d<\/strong>, pozna\u0107&nbsp;<strong>nauczycieli oraz uczni\u00f3w&nbsp;<\/strong>i przekona\u0107 si\u0119, dlaczego warto wybra\u0107&nbsp;<strong>TZN<\/strong>.<\/p>\n<p><strong>Planowane zako\u0144czenie wydarzenia:<\/strong>&nbsp;ok.&nbsp;<strong>13:00<\/strong><\/p>\t\t\t\t\t\t\t\t<\/div>\n\t\t\t\t<div class=\"elementor-element elementor-element-23fee73 elementor-widget elementor-widget-heading\" data-id=\"23fee73\" data-element_type=\"widget\" data-e-type=\"widget\" data-widget_type=\"heading.default\">\n\t\t\t\t\t<h3 class=\"elementor-heading-title elementor-size-default\">Zapraszamy!<\/h3>\t\t\t\t<\/div>\n\t\t\t\t<\/div>\n\t\t\t\t\t<\/div>\n\t\t\t\t<\/div>\n\t\t\t\t<\/div>\n\t\t","protected":false},"excerpt":{"rendered":"<p>Dzie\u0144 Otwarty w Technicznych Zak\u0142adach Naukowych! Ju\u017c 18 kwietnia 2026 r. (sobota), zapraszamy wszystkich \u00f3smoklasist\u00f3w oraz ich rodzic\u00f3w na Dzie\u0144 Otwarty w Technicznych Zak\u0142adach Naukowych! Spotkania z Dyrekcj\u0105 szko\u0142y\u00a0odb\u0119d\u0105 si\u0119 w szkolnej auli o: 10:00 11:30 Podczas spotkania\u00a0zaprezentujemy nasz\u0105 szko\u0142\u0119, opowiemy o\u00a0mo\u017cliwo\u015bciach kszta\u0142cenia\u00a0oraz\u00a0planach rozwoju.Dyrekcja wyg\u0142osi kr\u00f3tkie przem\u00f3wienie i odpowie na\u00a0najwa\u017cniejsze pytania. Po spotkaniu zapraszamy na: &#8230; <a title=\"DZIE\u0143 OTWARTY 2026\" class=\"read-more\" href=\"https:\/\/student.tzn.dg.pl\/newtzn\/?page_id=699\" aria-label=\"Dowiedz si\u0119 wi\u0119cej o DZIE\u0143 OTWARTY 2026\">Dowiedz si\u0119 wi\u0119cej<\/a><\/p>\n","protected":false},"author":2,"featured_media":0,"parent":0,"menu_order":0,"comment_status":"closed","ping_status":"closed","template":"","meta":{"footnotes":""},"class_list":["post-699","page","type-page","status-publish"],"_links":{"self":[{"href":"https:\/\/student.tzn.dg.pl\/newtzn\/index.php?rest_route=\/wp\/v2\/pages\/699","targetHints":{"allow":["GET"]}}],"collection":[{"href":"https:\/\/student.tzn.dg.pl\/newtzn\/index.php?rest_route=\/wp\/v2\/pages"}],"about":[{"href":"https:\/\/student.tzn.dg.pl\/newtzn\/index.php?rest_route=\/wp\/v2\/types\/page"}],"author":[{"embeddable":true,"href":"https:\/\/student.tzn.dg.pl\/newtzn\/index.php?rest_route=\/wp\/v2\/users\/2"}],"replies":[{"embeddable":true,"href":"https:\/\/student.tzn.dg.pl\/newtzn\/index.php?rest_route=%2Fwp%2Fv2%2Fcomments&post=699"}],"version-history":[{"count":20,"href":"https:\/\/student.tzn.dg.pl\/newtzn\/index.php?rest_route=\/wp\/v2\/pages\/699\/revisions"}],"predecessor-version":[{"id":782,"href":"https:\/\/student.tzn.dg.pl\/newtzn\/index.php?rest_route=\/wp\/v2\/pages\/699\/revisions\/782"}],"wp:attachment":[{"href":"https:\/\/student.tzn.dg.pl\/newtzn\/index.php?rest_route=%2Fwp%2Fv2%2Fmedia&parent=699"}],"curies":[{"name":"wp","href":"https:\/\/api.w.org\/{rel}","templated":true}]}}