{"id":359,"date":"2026-03-21T14:57:57","date_gmt":"2026-03-21T13:57:57","guid":{"rendered":"https:\/\/student.tzn.dg.pl\/newtzn\/?page_id=359"},"modified":"2026-03-21T15:12:11","modified_gmt":"2026-03-21T14:12:11","slug":"biblioteka","status":"publish","type":"page","link":"https:\/\/student.tzn.dg.pl\/newtzn\/?page_id=359","title":{"rendered":"BIBLIOTEKA"},"content":{"rendered":"\t\t<div data-elementor-type=\"wp-page\" data-elementor-id=\"359\" class=\"elementor elementor-359\">\n\t\t\t\t<div class=\"elementor-element elementor-element-96f14e8 e-flex e-con-boxed e-con e-parent\" data-id=\"96f14e8\" data-element_type=\"container\" data-e-type=\"container\">\n\t\t\t\t\t<div class=\"e-con-inner\">\n\t\t\t\t<div class=\"elementor-element elementor-element-7756552 elementor-widget elementor-widget-image\" data-id=\"7756552\" data-element_type=\"widget\" data-e-type=\"widget\" data-widget_type=\"image.default\">\n\t\t\t\t\t\t\t\t\t\t\t\t\t\t\t<img fetchpriority=\"high\" decoding=\"async\" width=\"1024\" height=\"683\" src=\"https:\/\/student.tzn.dg.pl\/newtzn\/wp-content\/uploads\/2026\/03\/Narodowy-Program-Czytelnictwa-FB-1024x683.jpg\" class=\"attachment-large size-large wp-image-362\" alt=\"Biblioteka szkolna - ksi\u0105\u017cki zakupione z Narodowego Programu Czytelnictwa\" srcset=\"https:\/\/student.tzn.dg.pl\/newtzn\/wp-content\/uploads\/2026\/03\/Narodowy-Program-Czytelnictwa-FB-1024x683.jpg 1024w, https:\/\/student.tzn.dg.pl\/newtzn\/wp-content\/uploads\/2026\/03\/Narodowy-Program-Czytelnictwa-FB-300x200.jpg 300w, https:\/\/student.tzn.dg.pl\/newtzn\/wp-content\/uploads\/2026\/03\/Narodowy-Program-Czytelnictwa-FB-768x512.jpg 768w, https:\/\/student.tzn.dg.pl\/newtzn\/wp-content\/uploads\/2026\/03\/Narodowy-Program-Czytelnictwa-FB.jpg 1495w\" sizes=\"(max-width: 1024px) 100vw, 1024px\" \/>\t\t\t\t\t\t\t\t\t\t\t\t\t\t\t<\/div>\n\t\t\t\t\t<\/div>\n\t\t\t\t<\/div>\n\t\t<div class=\"elementor-element elementor-element-1de54a1 e-flex e-con-boxed e-con e-parent\" data-id=\"1de54a1\" data-element_type=\"container\" data-e-type=\"container\">\n\t\t\t\t\t<div class=\"e-con-inner\">\n\t\t\t\t<div class=\"elementor-element elementor-element-c3d1ceb elementor-widget elementor-widget-text-editor\" data-id=\"c3d1ceb\" data-element_type=\"widget\" data-e-type=\"widget\" data-widget_type=\"text-editor.default\">\n\t\t\t\t\t\t\t\t\t<p>Biblioteka szkolna znajduje si\u0119 na\u00a0<strong>I pi\u0119trze pawilonu A<\/strong>.<\/p><p>Sk\u0142ada si\u0119 z trzech przestronnych pomieszcze\u0144:<\/p><ul><li><strong>czytelni<\/strong>, w kt\u00f3rej znajduj\u0105 si\u0119 miejsca do nauki i odpoczynku,<br \/>kolekcja gier planszowych oraz wyeksponowane najciekawsze pozycje z naszego ksi\u0119gozbioru.<\/li><li><strong>wypo\u017cyczalni \u2013 mo\u017cna zwr\u00f3ci\u0107 lub wypo\u017cyczy\u0107 ksi\u0105\u017ck\u0119. <\/strong>Tutaj r\u00f3wnie\u017c pracuj\u0105<br \/>nauczyciele bibliotekarze, kt\u00f3rzy s\u0142u\u017c\u0105 pomoc\u0105 przy doborze literatury.<\/li><li><strong>sali magazynowej ze zbiorami<\/strong>.<\/li><\/ul>\t\t\t\t\t\t\t\t<\/div>\n\t\t\t\t\t<\/div>\n\t\t\t\t<\/div>\n\t\t<div class=\"elementor-element elementor-element-53c9503 e-flex e-con-boxed e-con e-parent\" data-id=\"53c9503\" data-element_type=\"container\" data-e-type=\"container\">\n\t\t\t\t\t<div class=\"e-con-inner\">\n\t\t\t\t<div class=\"elementor-element elementor-element-e2c4ca3 elementor-widget elementor-widget-text-editor\" data-id=\"e2c4ca3\" data-element_type=\"widget\" data-e-type=\"widget\" data-widget_type=\"text-editor.default\">\n\t\t\t\t\t\t\t\t\t<p>Biblioteka oferuje bogaty i zr\u00f3\u017cnicowany ksi\u0119gozbi\u00f3r, obejmuj\u0105cy m.in.:<\/p><ul><li>literatur\u0119\u00a0<strong>pi\u0119kn\u0105, popularn\u0105 i m\u0142odzie\u017cow\u0105<\/strong>,<\/li><li>rozbudowany dzia\u0142\u00a0<strong>fantastyki i science fiction<\/strong>,<\/li><li>kolekcj\u0119\u00a0<strong>mang<\/strong>,<\/li><li>liczne\u00a0<strong>krymina\u0142y i thrillery<\/strong>,<\/li><li>zbiory\u00a0<strong>poradnik\u00f3w<\/strong>\u00a0oraz literatury\u00a0<strong>popularnonaukowej<\/strong>,<\/li><li><strong>literatur\u0119 zawodow\u0105 i naukow\u0105<\/strong>,<\/li><li>szeroki wyb\u00f3r\u00a0<strong>lektur szkolnych<\/strong>,<\/li><li><strong>pomoce naukowe<\/strong>\u00a0\u2013 s\u0142owniki, tablice i opracowania.<\/li><\/ul><p>R\u00f3\u017cnorodne zasoby biblioteki wspieraj\u0105 proces dydaktyczny oraz rozw\u00f3j zainteresowa\u0144 uczni\u00f3w.<\/p>\t\t\t\t\t\t\t\t<\/div>\n\t\t\t\t\t<\/div>\n\t\t\t\t<\/div>\n\t\t<div class=\"elementor-element elementor-element-8074e44 e-flex e-con-boxed e-con e-parent\" data-id=\"8074e44\" data-element_type=\"container\" data-e-type=\"container\">\n\t\t\t\t\t<div class=\"e-con-inner\">\n\t\t\t\t<div class=\"elementor-element elementor-element-29fd08a elementor-widget elementor-widget-heading\" data-id=\"29fd08a\" data-element_type=\"widget\" data-e-type=\"widget\" data-widget_type=\"heading.default\">\n\t\t\t\t\t<h3 class=\"elementor-heading-title elementor-size-default\">CZYTELNICY<\/h3>\t\t\t\t<\/div>\n\t\t\t\t\t<\/div>\n\t\t\t\t<\/div>\n\t\t<div class=\"elementor-element elementor-element-29cb63f e-flex e-con-boxed e-con e-parent\" data-id=\"29cb63f\" data-element_type=\"container\" data-e-type=\"container\">\n\t\t\t\t\t<div class=\"e-con-inner\">\n\t\t\t\t<div class=\"elementor-element elementor-element-cbfe30e elementor-widget elementor-widget-text-editor\" data-id=\"cbfe30e\" data-element_type=\"widget\" data-e-type=\"widget\" data-widget_type=\"text-editor.default\">\n\t\t\t\t\t\t\t\t\t<p>Z zasob\u00f3w biblioteki mog\u0105 korzysta\u0107\u00a0<strong>uczniowie oraz pracownicy Technicznych Zak\u0142ad\u00f3w Naukowych<\/strong>.<\/p>\t\t\t\t\t\t\t\t<\/div>\n\t\t\t\t\t<\/div>\n\t\t\t\t<\/div>\n\t\t<div class=\"elementor-element elementor-element-d7f5772 e-flex e-con-boxed e-con e-parent\" data-id=\"d7f5772\" data-element_type=\"container\" data-e-type=\"container\">\n\t\t\t\t\t<div class=\"e-con-inner\">\n\t\t\t\t<div class=\"elementor-element elementor-element-01622a0 elementor-widget elementor-widget-heading\" data-id=\"01622a0\" data-element_type=\"widget\" data-e-type=\"widget\" data-widget_type=\"heading.default\">\n\t\t\t\t\t<h3 class=\"elementor-heading-title elementor-size-default\">ZAPISY DO BIBLIOTEKI<\/h3>\t\t\t\t<\/div>\n\t\t\t\t\t<\/div>\n\t\t\t\t<\/div>\n\t\t<div class=\"elementor-element elementor-element-4cd1d7e e-flex e-con-boxed e-con e-parent\" data-id=\"4cd1d7e\" data-element_type=\"container\" data-e-type=\"container\">\n\t\t\t\t\t<div class=\"e-con-inner\">\n\t\t\t\t<div class=\"elementor-element elementor-element-6c9ac54 elementor-widget elementor-widget-text-editor\" data-id=\"6c9ac54\" data-element_type=\"widget\" data-e-type=\"widget\" data-widget_type=\"text-editor.default\">\n\t\t\t\t\t\t\t\t\t<p>Konta biblioteczne dla nowych uczni\u00f3w s\u0105\u00a0<strong>zak\u0142adane automatycznie we wrze\u015bniu<\/strong>.<br \/>Aby rozpocz\u0105\u0107 korzystanie ze zbior\u00f3w, wystarczy zg\u0142osi\u0107 si\u0119 do biblioteki i poinformowa\u0107 nauczyciela bibliotekarza<br \/>o ch\u0119ci wypo\u017cyczenia ksi\u0105\u017cki.<\/p>\t\t\t\t\t\t\t\t<\/div>\n\t\t\t\t\t<\/div>\n\t\t\t\t<\/div>\n\t\t<div class=\"elementor-element elementor-element-ad5e810 e-flex e-con-boxed e-con e-parent\" data-id=\"ad5e810\" data-element_type=\"container\" data-e-type=\"container\">\n\t\t\t\t\t<div class=\"e-con-inner\">\n\t\t\t\t<div class=\"elementor-element elementor-element-30a9176 elementor-widget elementor-widget-heading\" data-id=\"30a9176\" data-element_type=\"widget\" data-e-type=\"widget\" data-widget_type=\"heading.default\">\n\t\t\t\t\t<h3 class=\"elementor-heading-title elementor-size-default\">WYPO\u017bYCZANIE I ZWROTY<\/h3>\t\t\t\t<\/div>\n\t\t\t\t\t<\/div>\n\t\t\t\t<\/div>\n\t\t<div class=\"elementor-element elementor-element-bb5c1ff e-flex e-con-boxed e-con e-parent\" data-id=\"bb5c1ff\" data-element_type=\"container\" data-e-type=\"container\">\n\t\t\t\t\t<div class=\"e-con-inner\">\n\t\t\t\t<div class=\"elementor-element elementor-element-d062fe4 elementor-widget elementor-widget-text-editor\" data-id=\"d062fe4\" data-element_type=\"widget\" data-e-type=\"widget\" data-widget_type=\"text-editor.default\">\n\t\t\t\t\t\t\t\t\t<ol><li>Prosimy uda\u0107 si\u0119 do\u00a0<strong>wypo\u017cyczalni<\/strong>.<\/li><li>Poda\u0107 nauczycielowi bibliotekarzowi\u00a0<strong>tytu\u0142 ksi\u0105\u017cki<\/strong>\u00a0oraz\u00a0<strong>swoje dane<\/strong>.<\/li><li>Zwrot ksi\u0105\u017cek odbywa si\u0119 w analogiczny spos\u00f3b.<\/li><\/ol>\t\t\t\t\t\t\t\t<\/div>\n\t\t\t\t\t<\/div>\n\t\t\t\t<\/div>\n\t\t\t\t<\/div>\n\t\t","protected":false},"excerpt":{"rendered":"<p>Biblioteka szkolna znajduje si\u0119 na\u00a0I pi\u0119trze pawilonu A. Sk\u0142ada si\u0119 z trzech przestronnych pomieszcze\u0144: czytelni, w kt\u00f3rej znajduj\u0105 si\u0119 miejsca do nauki i odpoczynku,kolekcja gier planszowych oraz wyeksponowane najciekawsze pozycje z naszego ksi\u0119gozbioru. wypo\u017cyczalni \u2013 mo\u017cna zwr\u00f3ci\u0107 lub wypo\u017cyczy\u0107 ksi\u0105\u017ck\u0119. Tutaj r\u00f3wnie\u017c pracuj\u0105nauczyciele bibliotekarze, kt\u00f3rzy s\u0142u\u017c\u0105 pomoc\u0105 przy doborze literatury. sali magazynowej ze zbiorami. Biblioteka &#8230; <a title=\"BIBLIOTEKA\" class=\"read-more\" href=\"https:\/\/student.tzn.dg.pl\/newtzn\/?page_id=359\" aria-label=\"Dowiedz si\u0119 wi\u0119cej o BIBLIOTEKA\">Dowiedz si\u0119 wi\u0119cej<\/a><\/p>\n","protected":false},"author":2,"featured_media":0,"parent":0,"menu_order":0,"comment_status":"closed","ping_status":"closed","template":"","meta":{"footnotes":""},"class_list":["post-359","page","type-page","status-publish"],"_links":{"self":[{"href":"https:\/\/student.tzn.dg.pl\/newtzn\/index.php?rest_route=\/wp\/v2\/pages\/359","targetHints":{"allow":["GET"]}}],"collection":[{"href":"https:\/\/student.tzn.dg.pl\/newtzn\/index.php?rest_route=\/wp\/v2\/pages"}],"about":[{"href":"https:\/\/student.tzn.dg.pl\/newtzn\/index.php?rest_route=\/wp\/v2\/types\/page"}],"author":[{"embeddable":true,"href":"https:\/\/student.tzn.dg.pl\/newtzn\/index.php?rest_route=\/wp\/v2\/users\/2"}],"replies":[{"embeddable":true,"href":"https:\/\/student.tzn.dg.pl\/newtzn\/index.php?rest_route=%2Fwp%2Fv2%2Fcomments&post=359"}],"version-history":[{"count":16,"href":"https:\/\/student.tzn.dg.pl\/newtzn\/index.php?rest_route=\/wp\/v2\/pages\/359\/revisions"}],"predecessor-version":[{"id":377,"href":"https:\/\/student.tzn.dg.pl\/newtzn\/index.php?rest_route=\/wp\/v2\/pages\/359\/revisions\/377"}],"wp:attachment":[{"href":"https:\/\/student.tzn.dg.pl\/newtzn\/index.php?rest_route=%2Fwp%2Fv2%2Fmedia&parent=359"}],"curies":[{"name":"wp","href":"https:\/\/api.w.org\/{rel}","templated":true}]}}