{"id":164,"date":"2026-03-20T13:38:19","date_gmt":"2026-03-20T12:38:19","guid":{"rendered":"https:\/\/student.tzn.dg.pl\/newtzn\/?page_id=164"},"modified":"2026-03-21T13:51:33","modified_gmt":"2026-03-21T12:51:33","slug":"rozklad-dzwonkow","status":"publish","type":"page","link":"https:\/\/student.tzn.dg.pl\/newtzn\/?page_id=164","title":{"rendered":"ROZK\u0141AD DZWONK\u00d3W"},"content":{"rendered":"\t\t<div data-elementor-type=\"wp-page\" data-elementor-id=\"164\" class=\"elementor elementor-164\">\n\t\t\t\t<div class=\"elementor-element elementor-element-22fb293 e-flex e-con-boxed e-con e-parent\" data-id=\"22fb293\" data-element_type=\"container\" data-e-type=\"container\">\n\t\t\t\t\t<div class=\"e-con-inner\">\n\t\t\t\t<div class=\"elementor-element elementor-element-c176ce5 elementor-widget-divider--view-line elementor-widget elementor-widget-divider\" data-id=\"c176ce5\" data-element_type=\"widget\" data-e-type=\"widget\" data-widget_type=\"divider.default\">\n\t\t\t\t\t\t\t<div class=\"elementor-divider\">\n\t\t\t<span class=\"elementor-divider-separator\">\n\t\t\t\t\t\t<\/span>\n\t\t<\/div>\n\t\t\t\t\t\t<\/div>\n\t\t\t\t\t<\/div>\n\t\t\t\t<\/div>\n\t\t<div class=\"elementor-element elementor-element-34dfd0c7 e-con-full e-flex e-con e-parent\" data-id=\"34dfd0c7\" data-element_type=\"container\" data-e-type=\"container\" id=\"next\">\n\t\t\t\t<div class=\"elementor-element elementor-element-7f59d33e elementor-widget elementor-widget-heading\" data-id=\"7f59d33e\" data-element_type=\"widget\" data-e-type=\"widget\" data-widget_type=\"heading.default\">\n\t\t\t\t\t<h3 class=\"elementor-heading-title elementor-size-default\">Rozk\u0142ad dzwonk\u00f3w<\/h3>\t\t\t\t<\/div>\n\t\t\t\t<\/div>\n\t\t<div class=\"elementor-element elementor-element-8fa6e77 e-flex e-con-boxed e-con e-parent\" data-id=\"8fa6e77\" data-element_type=\"container\" data-e-type=\"container\">\n\t\t\t\t\t<div class=\"e-con-inner\">\n\t\t\t\t<div class=\"elementor-element elementor-element-9f3eff9 elementor-widget elementor-widget-eael-advanced-data-table\" data-id=\"9f3eff9\" data-element_type=\"widget\" data-e-type=\"widget\" data-widget_type=\"eael-advanced-data-table.default\">\n\t\t\t\t\t<div class=\"ea-advanced-data-table-wrap\" data-id=\"9f3eff9\"><div class=\"ea-advanced-data-table-wrap-inner\">\n                <table class=\"ea-advanced-data-table ea-advanced-data-table-static ea-advanced-data-table-9f3eff9\" data-id=\"9f3eff9\"><thead><tr><th><p>nr lekcji <\/p><\/th><th><p>godziny<\/p><\/th><th><p>d\u0142ugo\u015b\u0107 przerwy<\/p><\/th><\/tr><\/thead><tbody><tr><td><p>1.<\/p><\/td><td><p>7:30 - 8:15<\/p><\/td><td><p>5 minut<\/p><\/td><\/tr><tr><td><p>2.<\/p><\/td><td><p>8:20 - 9:05 <\/p><\/td><td><p>5 minut<\/p><\/td><\/tr><tr><td><p>3.<\/p><\/td><td><p>9:10 - 9:55<\/p><\/td><td><p><strong>10 minut<\/strong><\/p><\/td><\/tr><tr><td><p>4.<\/p><\/td><td><p>10:05 - 10:50<\/p><\/td><td><p><strong>10 minut<\/strong><\/p><\/td><\/tr><tr><td><p>5.<\/p><\/td><td><p>11:00 - 11:45<\/p><\/td><td><p><strong>10 minut<\/strong><\/p><\/td><\/tr><tr><td><p>6.<\/p><\/td><td><p>11:55 - 12:40<\/p><\/td><td><p><strong>20 minut<\/strong><\/p><\/td><\/tr><tr><td><p>7.<\/p><\/td><td><p>13:00 - 13:45<\/p><\/td><td><p>5 minut<\/p><\/td><\/tr><tr><td><p>8.<\/p><\/td><td><p>13:50 - 14:35<\/p><\/td><td><p>5 minut<\/p><\/td><\/tr><tr><td><p>9.<\/p><\/td><td><p>14:40 - 15:25<\/p><\/td><td><p>5 minut<\/p><\/td><\/tr><tr><td><p>10.<\/p><\/td><td><p>15:30 - 16:15<\/p><\/td><td><p>5 minut<\/p><\/td><\/tr><tr><td><p>11.<\/p><\/td><td><p>16:20 - 17:05<\/p><\/td><td><p>5 minut<\/p><\/td><\/tr><tr><td><p>12.<\/p><\/td><td><p>17:10 - 17:55<\/p><\/td><td><p>5 minut<\/p><\/td><\/tr><\/tbody><\/table>\n            <\/div><\/div>\t\t\t\t<\/div>\n\t\t\t\t<div class=\"elementor-element elementor-element-d55378e elementor-widget-divider--view-line elementor-widget elementor-widget-divider\" data-id=\"d55378e\" data-element_type=\"widget\" data-e-type=\"widget\" data-widget_type=\"divider.default\">\n\t\t\t\t\t\t\t<div class=\"elementor-divider\">\n\t\t\t<span class=\"elementor-divider-separator\">\n\t\t\t\t\t\t<\/span>\n\t\t<\/div>\n\t\t\t\t\t\t<\/div>\n\t\t\t\t\t<\/div>\n\t\t\t\t<\/div>\n\t\t\t\t<\/div>\n\t\t","protected":false},"excerpt":{"rendered":"<p>Rozk\u0142ad dzwonk\u00f3w nr lekcji godziny d\u0142ugo\u015b\u0107 przerwy 1. 7:30 &#8211; 8:15 5 minut 2. 8:20 &#8211; 9:05 5 minut 3. 9:10 &#8211; 9:55 10 minut 4. 10:05 &#8211; 10:50 10 minut 5. 11:00 &#8211; 11:45 10 minut 6. 11:55 &#8211; 12:40 20 minut 7. 13:00 &#8211; 13:45 5 minut 8. 13:50 &#8211; 14:35 5 minut &#8230; <a title=\"ROZK\u0141AD DZWONK\u00d3W\" class=\"read-more\" href=\"https:\/\/student.tzn.dg.pl\/newtzn\/?page_id=164\" aria-label=\"Dowiedz si\u0119 wi\u0119cej o ROZK\u0141AD DZWONK\u00d3W\">Dowiedz si\u0119 wi\u0119cej<\/a><\/p>\n","protected":false},"author":2,"featured_media":0,"parent":0,"menu_order":0,"comment_status":"closed","ping_status":"closed","template":"","meta":{"footnotes":""},"class_list":["post-164","page","type-page","status-publish"],"_links":{"self":[{"href":"https:\/\/student.tzn.dg.pl\/newtzn\/index.php?rest_route=\/wp\/v2\/pages\/164","targetHints":{"allow":["GET"]}}],"collection":[{"href":"https:\/\/student.tzn.dg.pl\/newtzn\/index.php?rest_route=\/wp\/v2\/pages"}],"about":[{"href":"https:\/\/student.tzn.dg.pl\/newtzn\/index.php?rest_route=\/wp\/v2\/types\/page"}],"author":[{"embeddable":true,"href":"https:\/\/student.tzn.dg.pl\/newtzn\/index.php?rest_route=\/wp\/v2\/users\/2"}],"replies":[{"embeddable":true,"href":"https:\/\/student.tzn.dg.pl\/newtzn\/index.php?rest_route=%2Fwp%2Fv2%2Fcomments&post=164"}],"version-history":[{"count":22,"href":"https:\/\/student.tzn.dg.pl\/newtzn\/index.php?rest_route=\/wp\/v2\/pages\/164\/revisions"}],"predecessor-version":[{"id":342,"href":"https:\/\/student.tzn.dg.pl\/newtzn\/index.php?rest_route=\/wp\/v2\/pages\/164\/revisions\/342"}],"wp:attachment":[{"href":"https:\/\/student.tzn.dg.pl\/newtzn\/index.php?rest_route=%2Fwp%2Fv2%2Fmedia&parent=164"}],"curies":[{"name":"wp","href":"https:\/\/api.w.org\/{rel}","templated":true}]}}